{"id":711,"date":"2012-01-12T12:23:07","date_gmt":"2012-01-12T11:23:07","guid":{"rendered":"http:\/\/teehausgeschichten.de\/?page_id=711"},"modified":"2013-04-09T18:39:44","modified_gmt":"2013-04-09T16:39:44","slug":"briefwechsel","status":"publish","type":"page","link":"https:\/\/teehausgeschichten.de\/?page_id=711","title":{"rendered":"Briefwechsel"},"content":{"rendered":"<h3><em><span style=\"color: #333399;\"><strong><a href=\"https:\/\/teehausgeschichten.de\/wp-content\/uploads\/2012\/01\/Scriptorium.png\"><img loading=\"lazy\" decoding=\"async\" class=\"wp-image-3677 aligncenter\" alt=\"Scriptorium\" src=\"https:\/\/teehausgeschichten.de\/wp-content\/uploads\/2012\/01\/Scriptorium.png\" width=\"308\" height=\"71\" srcset=\"https:\/\/teehausgeschichten.de\/wp-content\/uploads\/2012\/01\/Scriptorium.png 385w, https:\/\/teehausgeschichten.de\/wp-content\/uploads\/2012\/01\/Scriptorium-300x69.png 300w\" sizes=\"auto, (max-width: 308px) 100vw, 308px\" \/><\/a><\/strong><\/span><\/em><strong><a href=\"https:\/\/teehausgeschichten.de\/wp-content\/uploads\/2012\/10\/siegellack.jpg\"><img loading=\"lazy\" decoding=\"async\" class=\"alignleft  wp-image-2493\" style=\"border: 10px solid black;\" title=\"Briefwechsel\" alt=\"\" src=\"https:\/\/teehausgeschichten.de\/wp-content\/uploads\/2012\/10\/siegellack.jpg\" width=\"335\" height=\"227\" \/><\/a><\/strong><\/h3>\n<h4><span style=\"color: #333399;\">Abteilung II &#8211; Briefwechsel<\/span><\/h4>\n<p style=\"text-align: justify;\"><em>&#8222;In diesen Regalen befinden sich die \u00fcberlieferten Briefwechsel vieler Gelehrte, Adliger und anderen des schreibens kundigen Personen.&#8220;<\/em><\/p>\n<p style=\"text-align: justify;\">Briefwechsel finden zwischen (N)SC und (N)SC statt, dabei kann es sich um einen gelehrten Disput, der Austausch profaner Nachrichten oder weiterer Informationen handeln.<\/p>\n<h6 style=\"text-align: justify;\"><em><strong><span style=\"color: #333399;\">Wie beginne ich einen Briefwechsel?<\/span><\/strong><\/em><\/h6>\n<p style=\"text-align: justify;\"><span style=\"color: #333399;\"><strong>Schritt 1:<\/strong><\/span> Da es langweilig ist mit sich selbst eine imagin\u00e4re Brieffreunschaft zur Belustigung anderer zu erhalten, habe ich mir Gedanken dazu gemacht wie man dieses Problem l\u00f6sen k\u00f6nnte. Jeder Spieler der Interesse hat, denkt sich einen (oder auch mehrere) Brieffreunde (Also NSC&#8217;s) aus und erstellt dazu ein paar kleine Eckdaten. Daraus sollte hervorgehen woher sich die Charaktere kennen, was ihre Gemeinsamkeiten sind und wieso sie \u00fcberhaupt einen Briefkontakt miteinander pflegen sollten. Vorzugsweise sollte der angeschriebene NSC irgenso station\u00e4r sein, damit es \u00fcberhaupt zu einem Briefwechsel kommen kann. Der Spieler des Charakters der Interesse daran hat eine Brieffreundschaft aufzunehmen, erstellt daraufhin einen Initiationsbrief und stellt dieses unter <em>SCRIPTORIUM -&gt; BRIEFWECHEL -&gt; &#8230; von (NAME DES CHARAKTERS) -&gt; (NAME DES NSC&#8217;s)<\/em> als Sichtbarkeit &#8222;Privat&#8220; online. Ein Link auf die versteckte Seite, sollte dann auf <em>&#8222;&#8230; von (NAME DES CHARAKTERS)&#8220;<\/em> vorhanden sein.<\/p>\n<p style=\"text-align: justify;\"><span style=\"color: #333399;\"><strong>Schritt 2:<\/strong><\/span> Der n\u00e4chste Schritt w\u00e4re es dann sich einen <strong>Briefpaten<\/strong> zu suchen, d.h. einen realen Spieler aus<em> irgendeiner<\/em> der hier agierenden Gruppen der Interesse daran diesen vom Spieler erstellten NSC&#8217;s mit Leben zu f\u00fcllen und auf die Briefe des Charakters zu antworten. Hierbei sollte dem Briefpaten ausreichend Spielraum gegeben werden diesen Charakters Leben einzuhauchen und mit dem neuesten Kladj (bornl\u00e4ndisch f\u00fcr Klatsch), den aktuellsten Erkenntnissen oder neuesten Entwicklungen zu informieren &#8211; immerhin soll dem Briefpaten diese Arbeit ebenfalls Spa\u00df machen! Nat\u00fcrlich k\u00f6nnen sich der Spieler des Charakters und der Briefpate hier miteinander abstimmen. Sobald dies getan ist, steht der Brieffreundschaft eigentlich nichts mehr im Wege, au\u00dfer &#8230;<\/p>\n<p style=\"text-align: justify;\"><span style=\"color: #333399;\"><strong>Schritt 3:<\/strong> <\/span>Da ein Brief oft lange braucht um quer \u00fcber den Kontonent verschickt zu werden, sollten wir versuchen hier realistisch zu bleiben. Auf meinem Beispiel des Briefes von Jasper an Baron Travigor werdet ihr unten eine kurze Zusammenfassung der Informationen \u00fcber den Brief finden. Denn nicht nur das ben\u00e4tigte Geld, sondern auch die Entfernung, die gesch\u00e4tzte Reisedauer und der gesch\u00e4tzte Ankunftstag sind hierbei von entscheidender Bedeutung. Erst wenn der Charakter des Spielers <em>IT<\/em> das Datum erreicht hat an dem der Brief gesch\u00e4tzterweise angekommen ist, <em>PLUS<\/em> die Zeit die ein m\u00f6glicher Antwortbrierf zur\u00fcck ben\u00f6tigt (Wobei der Ankunftsort des Antwortbriefes nicht mit dem Absendeort des ersten Briefes \u00fcbereinstimmen muss), kann es zu einem Antwortschreiben kommen. Dem Briefpaten ist es nat\u00fcrlich freigestellt sein Antwortschreiben bereits vorher zu verfassen und online zu stellen, immerhin kann jeder von und <em>IT<\/em> und <em>OT-Wissen<\/em> trennen, nicht wahr?<\/p>\n<p style=\"text-align: justify;\">F\u00fcr die Berechnung der Entfernung, der Kosten und und der kalkulierung der Ankunftszeit des Briefes fragt euren aktuellen Spielleiter.<\/p>\n<h6 style=\"text-align: justify;\"><span style=\"color: #333399;\"><strong><em>Auflistung der Briefwechsel der verschiedenen Charaktere:<br \/>\n<\/em><\/strong><\/span><\/h6>\n<p style=\"text-align: justify;\"><span style=\"color: #333399;\"><em><strong><a href=\"https:\/\/teehausgeschichten.de\/wp-content\/uploads\/2012\/05\/Norburg.png\"><img loading=\"lazy\" decoding=\"async\" class=\"alignleft  wp-image-1306\" title=\"Norburg\" alt=\"\" src=\"https:\/\/teehausgeschichten.de\/wp-content\/uploads\/2012\/05\/Norburg-150x150.png\" width=\"61\" height=\"61\" srcset=\"https:\/\/teehausgeschichten.de\/wp-content\/uploads\/2012\/05\/Norburg-150x150.png 150w, https:\/\/teehausgeschichten.de\/wp-content\/uploads\/2012\/05\/Norburg-300x300.png 300w, https:\/\/teehausgeschichten.de\/wp-content\/uploads\/2012\/05\/Norburg.png 450w\" sizes=\"auto, (max-width: 61px) 100vw, 61px\" \/><\/a>Adeptus Minor Jasper J. Ouvensen<\/strong><\/em><\/span><\/p>\n<ol>\n<li><a href=\"https:\/\/teehausgeschichten.de\/?page_id=2486\">Briefwechsel mit Baron Travigor zu Wlodokutsk<\/a><\/li>\n<\/ol>\n<p><span style=\"color: #333399;\"><strong><em><a href=\"https:\/\/teehausgeschichten.de\/wp-content\/uploads\/2012\/10\/punin.png\"><img loading=\"lazy\" decoding=\"async\" class=\"alignleft  wp-image-2562\" title=\"punin\" alt=\"\" src=\"https:\/\/teehausgeschichten.de\/wp-content\/uploads\/2012\/10\/punin-150x150.png\" width=\"59\" height=\"59\" \/><\/a>Adeptus Minor Nehazet ibn Tulachim<\/em><\/strong><\/span><\/p>\n<ol>\n<li><a href=\"https:\/\/teehausgeschichten.de\/?page_id=2567\">Briefwechsel mit Khorestan (Wesir Assaf al&#8217;Fesari)<\/a><\/li>\n<\/ol>\n<p><span style=\"color: #333399;\"><strong><em><a href=\"https:\/\/teehausgeschichten.de\/wp-content\/uploads\/2012\/03\/600px-Satuaria.svg_.png\"><img loading=\"lazy\" decoding=\"async\" class=\"alignleft  wp-image-2581\" title=\"Satuaria\" alt=\"\" src=\"https:\/\/teehausgeschichten.de\/wp-content\/uploads\/2012\/03\/600px-Satuaria.svg_-150x150.png\" width=\"54\" height=\"54\" srcset=\"https:\/\/teehausgeschichten.de\/wp-content\/uploads\/2012\/03\/600px-Satuaria.svg_-150x150.png 150w, https:\/\/teehausgeschichten.de\/wp-content\/uploads\/2012\/03\/600px-Satuaria.svg_-300x300.png 300w, https:\/\/teehausgeschichten.de\/wp-content\/uploads\/2012\/03\/600px-Satuaria.svg_.png 600w\" sizes=\"auto, (max-width: 54px) 100vw, 54px\" \/><\/a>Hexe Delia<\/em><\/strong><\/span><\/p>\n<ol>\n<li><a href=\"https:\/\/teehausgeschichten.de\/?page_id=1001\">Briefwechsel mit Kalkarib al&#8217;Hashinnah<\/a><\/li>\n<\/ol>\n","protected":false},"excerpt":{"rendered":"<p>Abteilung II &#8211; Briefwechsel &#8222;In diesen Regalen befinden sich die \u00fcberlieferten Briefwechsel vieler Gelehrte, Adliger und anderen des schreibens kundigen Personen.&#8220; Briefwechsel finden zwischen (N)SC und (N)SC statt, dabei kann es sich um einen gelehrten Disput, der Austausch profaner Nachrichten oder weiterer Informationen handeln. Wie beginne ich einen Briefwechsel? Schritt 1: Da es langweilig ist [&hellip;]<\/p>\n","protected":false},"author":6,"featured_media":0,"parent":699,"menu_order":2,"comment_status":"open","ping_status":"closed","template":"","meta":{"footnotes":""},"class_list":["post-711","page","type-page","status-publish","hentry"],"_links":{"self":[{"href":"https:\/\/teehausgeschichten.de\/index.php?rest_route=\/wp\/v2\/pages\/711","targetHints":{"allow":["GET"]}}],"collection":[{"href":"https:\/\/teehausgeschichten.de\/index.php?rest_route=\/wp\/v2\/pages"}],"about":[{"href":"https:\/\/teehausgeschichten.de\/index.php?rest_route=\/wp\/v2\/types\/page"}],"author":[{"embeddable":true,"href":"https:\/\/teehausgeschichten.de\/index.php?rest_route=\/wp\/v2\/users\/6"}],"replies":[{"embeddable":true,"href":"https:\/\/teehausgeschichten.de\/index.php?rest_route=%2Fwp%2Fv2%2Fcomments&post=711"}],"version-history":[{"count":19,"href":"https:\/\/teehausgeschichten.de\/index.php?rest_route=\/wp\/v2\/pages\/711\/revisions"}],"predecessor-version":[{"id":3680,"href":"https:\/\/teehausgeschichten.de\/index.php?rest_route=\/wp\/v2\/pages\/711\/revisions\/3680"}],"up":[{"embeddable":true,"href":"https:\/\/teehausgeschichten.de\/index.php?rest_route=\/wp\/v2\/pages\/699"}],"wp:attachment":[{"href":"https:\/\/teehausgeschichten.de\/index.php?rest_route=%2Fwp%2Fv2%2Fmedia&parent=711"}],"curies":[{"name":"wp","href":"https:\/\/api.w.org\/{rel}","templated":true}]}}