{"id":1472,"date":"2012-05-29T12:44:52","date_gmt":"2012-05-29T10:44:52","guid":{"rendered":"http:\/\/teehausgeschichten.de\/?page_id=1472"},"modified":"2014-08-11T09:21:30","modified_gmt":"2014-08-11T07:21:30","slug":"malzan-daske-2","status":"publish","type":"page","link":"https:\/\/teehausgeschichten.de\/?page_id=1472","title":{"rendered":"Malzan Daske"},"content":{"rendered":"<h3>Geschichte:<\/h3>\n<p>Malzan Daske ist ein renommierter mittell\u00e4ndischer Einbrecher aus der Stadt Gareth. Er lernte das Handwerk von der Pieke von seinem Vater, der ein Mitglied einer alten Diebesgilde von Gareth war. Leider verungl\u00fcckte er bei einem gro\u00dfen Coup t\u00f6dlich. Bei dessen Tod war Malzan bereits 20 G\u00f6tterl\u00e4ufe alt. Zuvor begleitete er ihn selbst zu den gef\u00e4hrlichsten Auftr\u00e4gen. Am Tage des Ungl\u00fccks jedoch, verweilte er gerade au\u00dferhalb der Stadt. Daher kennt er nur aus Erz\u00e4hlungen von alten Bekannten, wie er zu dem tragischen Zwischenfall kam kam. Jene berichteten, dass es wohl kein Unfall gewesen sei und rieten ihm die Stadt zu verlassen, da sich ein Verr\u00e4ter ihrer Mitte bef\u00e4nde, der alles wisse und der Stadtwache preisgab.<\/p>\n<p>Rasch verlie\u00df er die Stadt und versucht sich seitdem mit kleineren Gaunereien \u00fcber Wasser zu halten. Geschickt im Umgang mit Seil und Enterhaken erklettert er die h\u00f6chsten Mauern und bricht in die H\u00e4user der Wohlhabenden ein. Meist stielt er dabei nur kleine Wertgegenst\u00e4nde oder Geld. Nur im Notfall greift er seine Opfer an. Wenn er beispielsweise bei einer Tat erwischt wird. Im Allgemeinen jedoch zieht er die Flucht dem Kampf vor und scheut sich nicht, schmutzige Tricks anzuwenden, um sein Leben zu retten.<\/p>\n<p>Der Verrat an seinem Vater lie\u00df ihn nur selten zu jemand Vertrauen aufbauen. Er lebt f\u00fcr sich. St\u00e4ndig in der Furcht, jemand k\u00f6nnte ihn erkennen und verraten. Daher ist er zun\u00e4chst in die Tulamidenlande geflohen, wo ein Entdecken unwahrscheinlicher ist.<\/p>\n<p>Der Verbleib seiner Mutter ist ihm nicht bekannt. Andeutungsweise hei\u00dft es, dass sie eine Edle sei, die jedoch nichts mehr mit den Diebereien seines Vaters zu tun haben wollte. Auch der Verbleib seiner Schwerster Tsaja ist ihm unbekannt.<\/p>\n<p>Malzans Auftreten entspricht seiner sozialen Umgebung. Er ist in der Lage, sich in eine andere Rolle hineinzuversetzen. So kann er seine Opfer auskundschaften und einsch\u00e4tzen, w\u00e4hrend er sich beliebt macht. Das betrifft den unscheinbaren Diener ebenso wie den Hochherrschaftlichen Herren aus gutem Hause.<\/p>\n<p>Er ist ein begnadeter Dieb. Nur steht er vollends im Dienste Phexes, denn was er einnimmt, muss auch wieder ausgegeben werden. Gro\u00dfz\u00fcgig ist er bei seinen Eink\u00e4ufen. Oft sogar beim zuvor Beklautem selbst, um dessen wirtschaftlichen Schaden in Grenzen zu halten.<\/p>\n<p>Er schwor sich, dass, wenn er st\u00e4rker ist, nach Gareth zu gehen und den Verrat zur Rechenschaft zu ziehen. Bis dahin versucht er zu irgendwie \u00fcberleben.<\/p>\n<p>Er hat mit einer Gruppe seltsamer Helden das Grab eines Khophtanim ausgehoben und somit einen Fluch beendet. Danach ging es weiter nach Khunchom, wo er &#8211; beauftragt von Lechmin &#8211; jener Heldengruppe unbemerkt half, indem er in das Haus von Nehazet einbrach und der Hexe Zafia, der merkw\u00fcrdigen Liebschaft Nehazets, die Foki der Helden entwedete, da sie die Helden aus Rache verfluchen wollte.<\/p>\n<p>Anschlie\u00dfend verdingte er sich als Kammerdiener und lernte im Haushalt der Honoralds seine Liebschaft das Zimmerm\u00e4dchen Nantua kennen und lieben. F\u00fcr einen Ball der Honoralds gabelte Malzan als Reonar Wolf die Neckerin Lunalou im Hafen auf, um sie als Attraktion zu pr\u00e4sentieren. Erneut nahm Lechmin mit Malzan Kontakt auf und bat ihn gemeinsam mit Lunalou dessen Mutter aus Al&#8217;Anfa zu befreien. Malzan schlug ein und befreite mit Hilfe von einigen Artefakten die Neckerin Yanuu&#8217;a aus dem Hause der Karinors und machte sich gemeinsam mit ihnen auf den Weg nach Albernia. Als Belohnung handelte Malzan einen Gefallen von Lechmin aus.<\/p>\n<p>Zitat seines Vaters:<\/p>\n<p>\u201eEin Stich im Nacken erspart drei Stiche in die Brust.\u201c<\/p>\n<h3><strong>Charakterz\u00fcge (ooc):<\/strong><\/h3>\n<ul>\n<li>Eigentum ist irrelvant, jeder erh\u00e4lt und jeder verliert<\/li>\n<li>Vorurteile gegen Adel, weil sie ihr Verm\u00f6gen nicht teilen<\/li>\n<li>im Herzen ein guter Mensch, der niemanden wirklich schaden m\u00f6chte<\/li>\n<li>ein klein wenig \u00fcberheblich<\/li>\n<li>wandelbar<\/li>\n<li>listig<\/li>\n<li>verphext<\/li>\n<\/ul>\n<h3>Malzans Beziehungen zu den anderen Mitstreitern:<\/h3>\n<p><em>(BI =Beziehungsindex \/ 0 = Sehr schlecht\u00a0 &#8211;\u00a0 5 = Neutral\u00a0 &#8211;\u00a0 10 = Sehr gut)<\/em><\/p>\n<p><strong>Sieghelm: BI 7<\/strong><\/p>\n<p>Ein adeliger Hauptmann und Junker, der stets Anweisungen und Belehrungen erteilt, aber gut bezahlt und besch\u00fctzt. Leider glaubt er nicht an den G\u00f6tterf\u00fcrsten &#8230;<\/p>\n<p><strong>Delia: BI 8<\/strong><\/p>\n<p>Eine sch\u00f6ne Frau und Hexe, welche ihn in Verlegenheit bringt. Wenn sie anz\u00fcglich wird, rinnt ihm der Schwei\u00df von der Stirn. Sie scheint jedoch einen Sohn der W\u00fcste zu begehren. Obwohl sie sehr umg\u00e4nglich ist, hat sie es aber faustdick hinter den Ohren. Sie ist nicht zu untersch\u00e4tzen, trotz ihrer schm\u00e4chtigen Gestalt.<\/p>\n<p><strong>Fr\u00e4ulein Pedderson: BI 7<\/strong><\/p>\n<p>Eine sch\u00f6ne gebildete Gelehrte, die f\u00fcr ihn die Buchf\u00fchrung \u00fcbernahm und ihm einige Dinge in Richtung Lesen und Schreiben beibrachte. Etwas belehrend. Sie ist schwer zu t\u00e4uschen und wei\u00df um seine Person. Vorsicht bei dieser Herausforderung!<\/p>\n<p><strong>Adeptus Nehazet: BI 5<\/strong><\/p>\n<p>Bisher hat er kaum Kontakt zu ihm gehabt. Die anderen scheinen ihn zu m\u00f6gen, obwohl er sehr wirr spricht.<\/p>\n<p><strong>Lunalou: BI 8<\/strong><\/p>\n<p>Hach, sie ist so unschuldig. Man muss sie einfach gern haben. Auch, wenn es anstrengend ist, sie aus \u00c4rger herauszuhalten.<\/p>\n<p><strong>Nantua: BI 10<\/strong><\/p>\n<p>Ich lernte sie in Khunchom kennen und lieben. Ich bringe ich die Pfade Phexes bei.<\/p>\n<p><strong>Lechmin: BI 6<\/strong><\/p>\n<p>Er hat sich bisher als Freund und zuverl\u00e4ssiger Handelspartner erwiesen. Jedoch ist er mir nicht ganz geheuer. Er ist zu m\u00e4chtig und mischt sich \u00fcberall ein. Seine Gesinnung ist mysteri\u00f6s.<\/p>\n","protected":false},"excerpt":{"rendered":"<p>Geschichte: Malzan Daske ist ein renommierter mittell\u00e4ndischer Einbrecher aus der Stadt Gareth. Er lernte das Handwerk von der Pieke von seinem Vater, der ein Mitglied einer alten Diebesgilde von Gareth war. Leider verungl\u00fcckte er bei einem gro\u00dfen Coup t\u00f6dlich. Bei dessen Tod war Malzan bereits 20 G\u00f6tterl\u00e4ufe alt. Zuvor begleitete er ihn selbst zu den [&hellip;]<\/p>\n","protected":false},"author":5,"featured_media":0,"parent":96,"menu_order":0,"comment_status":"open","ping_status":"closed","template":"","meta":{"footnotes":""},"class_list":["post-1472","page","type-page","status-publish","hentry"],"_links":{"self":[{"href":"https:\/\/teehausgeschichten.de\/index.php?rest_route=\/wp\/v2\/pages\/1472","targetHints":{"allow":["GET"]}}],"collection":[{"href":"https:\/\/teehausgeschichten.de\/index.php?rest_route=\/wp\/v2\/pages"}],"about":[{"href":"https:\/\/teehausgeschichten.de\/index.php?rest_route=\/wp\/v2\/types\/page"}],"author":[{"embeddable":true,"href":"https:\/\/teehausgeschichten.de\/index.php?rest_route=\/wp\/v2\/users\/5"}],"replies":[{"embeddable":true,"href":"https:\/\/teehausgeschichten.de\/index.php?rest_route=%2Fwp%2Fv2%2Fcomments&post=1472"}],"version-history":[{"count":7,"href":"https:\/\/teehausgeschichten.de\/index.php?rest_route=\/wp\/v2\/pages\/1472\/revisions"}],"predecessor-version":[{"id":5655,"href":"https:\/\/teehausgeschichten.de\/index.php?rest_route=\/wp\/v2\/pages\/1472\/revisions\/5655"}],"up":[{"embeddable":true,"href":"https:\/\/teehausgeschichten.de\/index.php?rest_route=\/wp\/v2\/pages\/96"}],"wp:attachment":[{"href":"https:\/\/teehausgeschichten.de\/index.php?rest_route=%2Fwp%2Fv2%2Fmedia&parent=1472"}],"curies":[{"name":"wp","href":"https:\/\/api.w.org\/{rel}","templated":true}]}}