{"id":1129,"date":"2012-04-06T13:46:11","date_gmt":"2012-04-06T11:46:11","guid":{"rendered":"http:\/\/teehausgeschichten.de\/?page_id=1129"},"modified":"2019-04-03T14:41:06","modified_gmt":"2019-04-03T12:41:06","slug":"anderspharische-kleinodien","status":"publish","type":"page","link":"https:\/\/teehausgeschichten.de\/?page_id=1129","title":{"rendered":"Andersph\u00e4risches &#8211; Artefakte der g\u00f6ttlichen Mission"},"content":{"rendered":"<h4>Einleitung der G\u00f6ttermission<\/h4>\n<p>Von den Zw\u00f6lfen auserw\u00e4hlt, vom Chaos verfolgt. Das sind sie, die Helden auf der g\u00f6ttlichen Mission Aventurien zu retten.<\/p>\n<p>Alles fing damit an, dass einige Personen Amulette erhielten, welches die Auserw\u00e4hlung der 12 G\u00f6tter beweist. Sp\u00e4ter, wenn sich der Tr\u00e4ger des Amulettes als w\u00fcrdig erweist, erh\u00e4lt er von seiner erw\u00e4hlten Gottheit einen m\u00e4chtigen Gegenstand, der ihm hilft die vor ihm liegende gef\u00e4hrliche Mission zu erf\u00fcllen.<\/p>\n<table style=\"width: 1107.93px;\" border=\"0\">\n<tbody>\n<tr>\n<td style=\"width: 22px;\"><strong>Gottheit\/<\/strong><\/p>\n<p><strong>D\u00e4mon<\/strong><\/td>\n<td style=\"width: 266px;\"><span style=\"color: #000000;\"><strong>Auserw\u00e4hlte Person<\/strong><\/span><\/td>\n<td style=\"width: 432px;\"><strong><span style=\"color: #000000;\">g\u00f6ttliches Artefakt<\/span><\/strong><\/td>\n<td style=\"width: 398px;\"><strong><span style=\"color: #000000;\">gefallene Anker<\/span><\/strong><\/td>\n<\/tr>\n<tr>\n<td style=\"width: 22px;\">Praios\/<\/p>\n<p><a title=\"Blakharaz\" href=\"https:\/\/de.wiki-aventurica.de\/wiki\/Blakharaz\"><span style=\"color: #800080;\">Blakharaz<\/span><\/a><\/td>\n<td style=\"width: 266px;\"><span style=\"color: #888888;\">unbekannt\/<\/span><\/p>\n<p><span style=\"color: #808080;\">unbekannt<\/span><\/td>\n<td style=\"width: 432px;\">Goldenes Schild des Praios, in den H\u00e4nden der Praioskirche zu Ferdok\/<\/p>\n<p><span style=\"color: #808080;\">unbekannt<\/span><\/td>\n<td style=\"width: 398px;\"><\/td>\n<\/tr>\n<tr>\n<td style=\"width: 22px;\"><span style=\"color: #000000;\">Rondra\/<\/span><\/p>\n<p><a title=\"Belhalhar\" href=\"https:\/\/de.wiki-aventurica.de\/wiki\/Belhalhar\"><span style=\"color: #800080;\">Belhalhar<\/span><\/a><\/td>\n<td style=\"width: 266px;\"><span style=\"color: #000000;\"><a href=\"https:\/\/teehausgeschichten.de\/?page_id=435\"><span style=\"color: #000000;\">Sieghelm G. vom Spichbrecher\/<\/span><\/a><\/span><\/p>\n<p><span style=\"color: #808080;\">unbekannt<\/span><\/td>\n<td style=\"width: 432px;\"><span style=\"color: #000000;\"><a href=\"https:\/\/teehausgeschichten.de\/wp-content\/uploads\/2013\/05\/Donnernder-W%C3%A4chter-der-Ehre.pdf\"><span style=\"color: #000000;\">Donnernder W\u00e4chter der Ehre (Custoris)\u00a0<\/span><\/a><\/span>in den H\u00e4nden des Erw\u00e4hlten\/<\/p>\n<p><span style=\"color: #808080;\">unbekannt<\/span><\/td>\n<td style=\"width: 398px;\"><span style=\"color: #000000;\"><span style=\"color: #000000;\">Tornado (Turnaak&#8217;riin der Seelenfresser), Igan (Irk&#8217;raan die Dornenzunge)<\/span><\/span><\/td>\n<\/tr>\n<tr>\n<td style=\"width: 22px;\">Efferd\/<\/p>\n<p><a title=\"Charyptoroth\" href=\"https:\/\/de.wiki-aventurica.de\/wiki\/Charyptoroth\"><span style=\"color: #800080;\">Charyptoroth<\/span><\/a><\/td>\n<td style=\"width: 266px;\"><a href=\"https:\/\/teehausgeschichten.de\/?page_id=5565\"><span style=\"color: #000000;\">M\u00e6dnir \u201cder B\u00e4r\u201d Hasgarsson\/<\/span><\/a><\/p>\n<p><span style=\"color: #808080;\">unbekannt<\/span><\/td>\n<td style=\"width: 432px;\"><span style=\"color: #888888;\"><span style=\"color: #000000;\">&#8230;; einh\u00e4ndige Axt\/Efferdbart, <\/span><\/span><span style=\"color: #888888;\"><span style=\"color: #000000;\">in den H\u00e4nden des Erw\u00e4hlten\/<\/span><br \/>\n<\/span><span style=\"color: #808080;\">unbekannt<\/span><\/td>\n<td style=\"width: 398px;\"><\/td>\n<\/tr>\n<tr>\n<td style=\"width: 22px;\">Travia\/<\/p>\n<p><a title=\"Lolgramoth\" href=\"https:\/\/de.wiki-aventurica.de\/wiki\/Lolgramoth\"><span style=\"color: #800080;\">Lolgramoth<\/span><\/a><\/td>\n<td style=\"width: 266px;\"><span style=\"color: #000000;\"><a href=\"https:\/\/teehausgeschichten.de\/?page_id=59\"><span style=\"color: #000000;\">Nehazet ibn Tulachim\/<\/span><\/a><\/span><\/p>\n<p><span style=\"color: #808080;\">unbekannt<\/span><\/td>\n<td style=\"width: 432px;\"><span style=\"color: #888888;\">unbekannt\/<\/span><\/p>\n<p><span style=\"color: #808080;\">unbekannt<\/span><\/td>\n<td style=\"width: 398px;\"><\/td>\n<\/tr>\n<tr>\n<td style=\"width: 22px;\">Boron\/<\/p>\n<p><a title=\"Thargunitoth\" href=\"https:\/\/de.wiki-aventurica.de\/wiki\/Thargunitoth\"><span style=\"color: #800080;\">Thargunitoth<\/span><\/a><\/td>\n<td style=\"width: 266px;\"><span style=\"color: #000000;\">Bothor dylli Memnos\/<\/span><\/p>\n<p><span style=\"color: #808080;\">unbekannt<\/span><\/td>\n<td style=\"width: 432px;\"><span style=\"color: #000000;\">Sprechender Sch\u00e4del eines Borongeweihten,<\/span>in den H\u00e4ndes des Erw\u00e4hlten\/<\/p>\n<p><span style=\"color: #808080;\">unbekannt<\/span><\/td>\n<td style=\"width: 398px;\"><span style=\"color: #000000;\">Matral? Tramal?<\/span><\/td>\n<\/tr>\n<tr>\n<td style=\"width: 22px;\">Hesinde\/<\/p>\n<p><a title=\"Amazeroth\" href=\"https:\/\/de.wiki-aventurica.de\/wiki\/Amazeroth\"><span style=\"color: #800080;\">Amazeroth<\/span><\/a><\/td>\n<td style=\"width: 266px;\"><span style=\"color: #000000;\"><a href=\"https:\/\/teehausgeschichten.de\/?page_id=504\"><span style=\"color: #000000;\">Jane Pedderson\/<\/span><\/a><\/span><\/p>\n<p><span style=\"color: #800080;\">Vidkun (Quitlinga)<br \/>\n<\/span><\/td>\n<td style=\"width: 432px;\"><span style=\"color: #888888;\"><span style=\"color: #000000;\">Buch aus dem Haar der Hesinde, <\/span><\/span><span style=\"color: #888888;\"><span style=\"color: #000000;\">in den H\u00e4nden der Erw\u00e4hlten\/<\/span><\/span><\/p>\n<p><span style=\"color: #800080;\">Iribars Spiegel<\/span><\/td>\n<td style=\"width: 398px;\"><span style=\"color: #888888;\"><span style=\"color: #000000;\">Saria Fuxfell (Sara&#8217;kiin die Limbusverzehrerin)<br \/>\n<\/span><\/span><\/td>\n<\/tr>\n<tr>\n<td style=\"width: 22px;\">Firun\/<\/p>\n<p><a title=\"Belshirash\" href=\"https:\/\/de.wiki-aventurica.de\/wiki\/Belshirash\"><span style=\"color: #800080;\">Belshirash<\/span><\/a><\/td>\n<td style=\"width: 266px;\"><span style=\"color: #000000;\"><a href=\"https:\/\/teehausgeschichten.de\/?page_id=96\"><span style=\"color: #000000;\">Azina saba Belima\/<\/span><\/a><\/span><\/p>\n<p><span style=\"color: #808080;\">unbekannt<\/span><\/td>\n<td style=\"width: 432px;\"><span style=\"color: #000000;\"><a href=\"https:\/\/teehausgeschichten.de\/wp-content\/uploads\/2012\/04\/Firuns-Speer.pdf\"><span style=\"color: #000000;\">Runenspeer Firuns<\/span><\/a><\/span>, in den H\u00e4nden der Erw\u00e4hlten\/<\/p>\n<p><span style=\"color: #808080;\">unbekannt<\/span><\/td>\n<td style=\"width: 398px;\"><\/td>\n<\/tr>\n<tr>\n<td style=\"width: 22px;\">Tsa\/<\/p>\n<p><a title=\"Asfaloth\" href=\"https:\/\/de.wiki-aventurica.de\/wiki\/Asfaloth\"><span style=\"color: #800080;\">Asfaloth<\/span><\/a><\/td>\n<td style=\"width: 266px;\"><span style=\"color: #000000;\">Nicolo de Castelani?\/<\/span><\/p>\n<p><span style=\"color: #808080;\">unbekannt<\/span><\/td>\n<td style=\"width: 432px;\"><span style=\"color: #000000;\">Tsas Kerze, <\/span><span style=\"color: #000000;\">in den H\u00e4nden des Erw\u00e4hlten\/<\/span><\/p>\n<p><span style=\"color: #808080;\">unbekannt<\/span><\/td>\n<td style=\"width: 398px;\"><\/td>\n<\/tr>\n<tr>\n<td style=\"width: 22px;\">Phex\/<\/p>\n<p><a title=\"Tasfarelel\" href=\"https:\/\/de.wiki-aventurica.de\/wiki\/Tasfarelel\"><span style=\"color: #800080;\">Tasfarelel<\/span><\/a><\/td>\n<td style=\"width: 266px;\"><span style=\"color: #000000;\">Dara Angbarer?\/<\/span><\/p>\n<p><span style=\"color: #808080;\">unbekannt<\/span><\/td>\n<td style=\"width: 432px;\"><span style=\"color: #888888;\">unbekannt\/<\/span><\/p>\n<p><span style=\"color: #808080;\">unbekannt<\/span><\/td>\n<td style=\"width: 398px;\"><\/td>\n<\/tr>\n<tr>\n<td style=\"width: 22px;\">Peraine\/<\/p>\n<p><a title=\"Belzhorash\" href=\"https:\/\/de.wiki-aventurica.de\/wiki\/Belzhorash\"><span style=\"color: #800080;\">Belzhorash<\/span><\/a><\/td>\n<td style=\"width: 266px;\"><span style=\"color: #888888;\">unbekannt\/<\/span><\/p>\n<p><span style=\"color: #808080;\">unbekannt<\/span><\/td>\n<td style=\"width: 432px;\"><span style=\"color: #888888;\">unbekannt\/<\/span><\/p>\n<p><span style=\"color: #808080;\">unbekannt<\/span><\/td>\n<td style=\"width: 398px;\"><\/td>\n<\/tr>\n<tr>\n<td style=\"width: 22px;\">Ingerimm\/<\/p>\n<p><a title=\"Agrimoth\" href=\"https:\/\/de.wiki-aventurica.de\/wiki\/Agrimoth\"><span style=\"color: #800080;\">Agrimoth<\/span><\/a><\/td>\n<td style=\"width: 266px;\"><span style=\"color: #888888;\">unbekannt\/<\/span><\/p>\n<p><span style=\"color: #808080;\"><span style=\"color: #800080;\">Azzaroth der Weltenbrenner (Azzitai)<\/span><br \/>\n<\/span><\/td>\n<td style=\"width: 432px;\"><span style=\"color: #888888;\">unbekannt\/<\/span><\/p>\n<p><span style=\"color: #808080;\">unbekannt<\/span><\/td>\n<td style=\"width: 398px;\"><\/td>\n<\/tr>\n<tr>\n<td style=\"width: 22px;\">Rahja\/<\/p>\n<p><a title=\"Belkelel\" href=\"https:\/\/de.wiki-aventurica.de\/wiki\/Belkelel\"><span style=\"color: #800080;\">Belkelel<\/span><\/a><\/td>\n<td style=\"width: 266px;\"><span style=\"color: #000000;\"><a href=\"https:\/\/teehausgeschichten.de\/?page_id=28\"><span style=\"color: #000000;\">Delia al Cumrat b\u00e2n Rezzan\/<\/span><\/a><\/span><\/p>\n<p><span style=\"color: #808080;\">unbekannt<\/span><\/td>\n<td style=\"width: 432px;\"><span style=\"color: #888888;\">unbekant\/<\/span><\/p>\n<p><span style=\"color: #808080;\">unbekannt<\/span><\/td>\n<td style=\"width: 398px;\"><\/td>\n<\/tr>\n<\/tbody>\n<\/table>\n<p>Ehemalige (unw\u00fcrdige) Tr\u00e4ger der Amulette:<\/p>\n<p>Rondra:<\/p>\n<ul>\n<li>\u00a0Tornado alias Turnaak&#8217;riin der Seelenfresser &#8211; \u2020 3. Phex 1026 n. BF &#8211; Turnaak&#8217;riin im Kampf besiegt und Tornado gerichtet durch Sieghelm Gilborn von Spichbrecher (Erw\u00e4hlter Rondras)<\/li>\n<li>Igan alias Irk&#8217;raan die Dornenzunge &#8211; Igan hat Irk&#8217;raan am 3. Phex 1026 n. BF besiegt (k\u00f6rperlich und gesinnungstechnisch)<\/li>\n<\/ul>\n<p>Hoffen wir f\u00fcr ganz Aventurien, dass die Auserw\u00e4hlten siegreich sind, denn sonst wird das Chaos herrschen! Am Morgen des 24. Firun 1026 n. BF in Mahtab offenbart sich den Helden erstmals das Ausma\u00df ihrer Mission.\u00a0<a href=\"https:\/\/teehausgeschichten.de\/?page_id=1547\">Isaria<\/a>, m\u00e4chtige Hexe, Oberhaupt des Zirkels der linken Hand und Mutter Delias sprach v\u00f6llig entr\u00fcckt folgende Prophezeihung der Zw\u00f6lfe aus:<\/p>\n<p><span style=\"font-size: small;\"><strong><span style=\"color: #800080;\"><em><cite>&#8222;Zw\u00f6lf Peiniger w\u00fcten in den L\u00e4ndern Aventuriens.<\/cite><\/em><\/span><\/strong><\/span><\/p>\n<p><span style=\"font-size: small;\"><strong><span style=\"color: #800080;\"><em><cite>Und zw\u00f6lf Gesandte stellen sich ihrem Schicksal.<\/cite><\/em><\/span><\/strong><\/span><\/p>\n<p><span style=\"font-size: small;\"><strong><span style=\"color: #800080;\"><em><cite>Von den G\u00f6ttern auserw\u00e4hlt, sind sie allein bef\u00e4higt ihre Gegner zu vernichten.<\/cite><\/em><\/span><\/strong><\/span><\/p>\n<p><span style=\"font-size: small;\"><strong><span style=\"color: #800080;\"><em><cite>Scheitern sie, versinkt ganz Aventurien im Chaos.<\/cite><\/em><\/span><\/strong><\/span><\/p>\n<p><span style=\"font-size: small;\"><strong><span style=\"color: #800080;\"><em><cite>Seid bereit, wenn der dunkle Tag anbricht.&#8220;<\/cite><\/em><\/span><\/strong><\/span><\/p>\n<p>&#8212;&#8212;-<\/p>\n<p>Auszug aus dem Brief &#8230; von Spichbrecher an seinen Enkel Traviaholt von Spichbrecher, Bruder im Wolfskopfkloster, Empfangen am 29. Tsa 1026 n. BF<\/p>\n<p><span style=\"color: #ff00ff;\">&#8230;. fehlt noch<\/span><\/p>\n<p>&#8212;&#8212;&#8212;&#8212;&#8212;&#8212;&#8212;&#8212;&#8212;&#8212;&#8212;&#8212;&#8212;&#8212;&#8212;&#8212;&#8212;&#8212;&#8212;&#8212;&#8212;&#8212;&#8212;&#8212;&#8212;&#8212;&#8212;&#8212;&#8212;&#8212;&#8212;&#8212;&#8212;&#8212;&#8212;&#8212;<\/p>\n<h3>Hier nun, die bisher bekannten g\u00f6ttlichen Artefakte im Detail<\/h3>\n<h4><span style=\"color: #ccffff;\">Der <a title=\"Runenspeer Firuns\" href=\"https:\/\/teehausgeschichten.de\/wp-content\/uploads\/2012\/04\/Firuns-Speer.pdf\"><span style=\"color: #ccffff;\">Runenspeer<\/span><\/a> Firuns<\/span><\/h4>\n<p><span style=\"color: #000000;\"><strong>Im Besitz von Azina saba Belima<\/strong><\/span><\/p>\n<p><a><img loading=\"lazy\" decoding=\"async\" class=\"alignleft wp-image-1240\" style=\"border: 2px solid orange;\" title=\"Firuns Speer\" src=\"https:\/\/teehausgeschichten.de\/wp-content\/uploads\/2012\/04\/Firuns-Speer-300x227.jpg\" alt=\"\" width=\"210\" height=\"159\" srcset=\"https:\/\/teehausgeschichten.de\/wp-content\/uploads\/2012\/04\/Firuns-Speer-300x227.jpg 300w, https:\/\/teehausgeschichten.de\/wp-content\/uploads\/2012\/04\/Firuns-Speer.jpg 436w\" sizes=\"auto, (max-width: 210px) 100vw, 210px\" \/><\/a><strong>Der Tr\u00e4ger des Speers bekommt einen KO Bonus +1 und verleiht ihm zunehmend eine Immunit\u00e4t gegen K\u00e4lte.<br \/>\n<\/strong><\/p>\n<p><strong>Firuns Speer gilt als permanent geweiht.<\/strong><\/p>\n<p>Andere, die nicht von den Zw\u00f6lfen erw\u00e4hlt wurden, erliegen der K\u00e4lte, wenn sie diese Waffe ber\u00fchren.<\/p>\n<p><strong>Die Geschichte der Erw\u00e4hlung<\/strong><\/p>\n<p style=\"text-align: justify;\">Bereits im zweiten Jahr nach ihren Aufbruch in unbekannte Gefilde schien es erneut, als sei der Weg der jungen Falknerin nicht der, den sie und ihre Familie anfangs im Sinn hatten. Nicht das H\u00f6fische Getue sollte ihre Zukunft sein. Nein. Einer der Zw\u00f6lfe, der wei\u00dfe J\u00e4ger Firun pers\u00f6nlich, erkor sie zu\u00a0 seinem Sch\u00fctzling. In einer schwarzen Nacht im Jahre 1023 nach Bosparans Fall ereile Azina eine Vision, fast so klar wie die Realit\u00e4t vor dem Auge eines Magiers und doch so nebelig wie die tiefen T\u00e4ler des Rashtulswalls. Ein Verh\u00fcllter Mann \u00fcbergab ihr ein Amulett aus reinstem Bergkristall. Funkelnd in der Nacht, war sie nun erkennbar. Sie war auserw\u00e4hlt.<\/p>\n<p style=\"text-align: justify;\">Sp\u00e4ter, im Jahre 1024 nach dem Falle Bosparans, lag der Speer des Alten vom Berg h\u00f6chstpers\u00f6nlich knapp \u00fcber einer Kreuzung magischer Kraftlinien sicher verwahrt auf einem schn\u00f6dem Holztisch in den gesicherten Kellern der Burg Friedstein in der Baronie Hammerschlag und wartete auf seinen auserw\u00e4hlten Tr\u00e4ger. Dank einer g\u00f6ttlichen F\u00fcgung gelangte der Runenspeer in die H\u00e4nde des Sch\u00fctzlings und wart von nun an als m\u00e4chtige Waffe gef\u00fchrt.<\/p>\n<p style=\"text-align: justify;\">Es trug sich jedoch zu, dass ein Auftrag Azina und ihre Gef\u00e4hrten \u00fcber den Rashtulswall nach Aranien f\u00fchrte. Inmitten eines Kampfes mit einem Dutzend wilder Harpyien entglitt aufgrund der Enge eines Felsvorsprunges der kostbare Speer aus den H\u00e4nden der jungen Frau und landete zu ihren F\u00fc\u00dfen auf dem lockeren Ger\u00f6ll. Azina vermochte es nicht den Speer mit einer um sich schlagenden Harpyie auf den Schultern aufzuheben. Es schien als sch\u00e4tze Firun diese Schw\u00e4che nicht. Und so entschwand die heilige Reliquie zur\u00fcck in den Nebel woher sie gekommen war. W\u00fctend \u00fcber den Verlust zerschmetterte Sie die kreischende Harpyie an einem Felsen und schwor sich, nie wieder Schw\u00e4che zu zeigen!<\/p>\n<p style=\"text-align: justify;\">Einen ganzen G\u00f6tterlauf sp\u00e4ter, im Praios des 1026 G\u00f6tterlaufes nach Bosparans Fall, nachdem Azina viele Male heftigen, blutigen und sonstigen Willen schw\u00e4chenden Strapazen trotzte, gew\u00e4hrte Firun ihr abermals die Gunst den Speer zu f\u00fchren. Sie erhielt ihn letztlich aus den H\u00e4nden des Beys von Khorestan. Ob sie sich ihm diesmal als w\u00fcrdig erweisen wird, kann erst die Zukunft offenbaren.<\/p>\n<p style=\"text-align: justify;\">Im Phex des 1026 G\u00f6tterlaufs nach Bosparans Fall, trifft Azina, deren Titel sich als Botin Firuns zusehens festigt, nach einem heftigen Kampf mit Shakriin Boran in den Trollzacken auf Garnan, der sie beide gesund pflegt und Azina im Sinne Firuns trainiert. Er lehrt sie, auf ihr Innerstes zu h\u00f6ren und ihre zweite Sicht als Gabe zu nutzen. Damit kann sie verschiedenes Wirken auf Dere in verschiedenen Farben sehen, was ihr f\u00fcr die Jagd sehr zutr\u00e4glich sein wird. Auch lehrt er sie einige besondere F\u00e4higkeiten. So kann sie sich nun mit einer sch\u00fctzenden Schicht aus Eis umgeben und ihren Speer aus einiger Entfernung zu sich rufen, aufdass sie ihn nie mehr verlieren m\u00f6ge.<\/p>\n<h4><span style=\"color: #ff0000;\">Der <a title=\"Donnernder W\u00e4chter der Ehre\" href=\"https:\/\/teehausgeschichten.de\/wp-content\/uploads\/2013\/05\/Donnernder-W%C3%A4chter-der-Ehre.pdf\"><span style=\"color: #ff0000;\">Donnernde W\u00e4chter der Ehre<\/span><\/a> Rondras<\/span><\/h4>\n<p><strong>Im Besitz von Sieghelm Gilborn von Spichbrecher<\/strong><\/p>\n<p><strong><a href=\"https:\/\/teehausgeschichten.de\/wp-content\/uploads\/2012\/04\/Donnernder-W\u00e4chter-der-Ehre-004.jpg\"><img loading=\"lazy\" decoding=\"async\" class=\"alignleft wp-image-3999\" src=\"https:\/\/teehausgeschichten.de\/wp-content\/uploads\/2012\/04\/Donnernder-W\u00e4chter-der-Ehre-004.jpg\" alt=\"Donnernder W\u00e4chter der Ehre 004\" width=\"199\" height=\"213\" \/><\/a>Der Tr\u00e4ger des Schwertes bekommt einen MU Bonus +1 und seine nahen Gegner erleiden einen MU Malus von -3<\/strong><\/p>\n<p><strong>Der Donnernde W\u00e4chter der Ehre gilt als permanent geweiht.<\/strong><\/p>\n<p>Andere, die nicht von den Zw\u00f6lfen erw\u00e4hlt wurden, verm\u00f6gen diese Klinge nicht zu f\u00fchren, da sie nicht an der gef\u00fchrten Position verharren mag.<\/p>\n<p><strong>Die Geschichte der Erw\u00e4hlung<\/strong><\/p>\n<p>Der junge Junker von Hochstieg, Sieghelm G. von Spichbrecher, machte sich einst auf dem Weg fort der Heimat, um sich durch ruhmreiche Taten in den Ritterstand zu avancieren. Mitten in einem harten Gefecht gegen eine marodierende Bande von Orks in den W\u00e4ldern der Baronie Hammerschlag um 1025 n. BF, in dem er und seine Kamerade zu unterliegen drohen, verschwand er zusammen und doch getrennt mit Adeptus Nehazet ibn Tulachim vom Ort des Geschehens und erlebte eine Vision von einem nebelumwaberten Steinkreis, indem ein verh\u00fcllter Fremder ihm ein Amulett aus reinstem Silber \u00fcberreichte. Er war auserw\u00e4hlt! Noch ehe er begriff, was geschah, erblickte sein Auge die R\u00fcckansicht jener zwei Orks, die ihm gerade eben noch t\u00f6dlich bedr\u00e4ngt hatten und nun keine Zeit mehr fanden, sich \u00fcber sein pl\u00f6tzliches Verschwinden wundern. Schlie\u00dflich gingen Sieghelm und seine Gef\u00e4hrten siegreich aus dem Kampf hervor. So wie es die Leuin beabsichtigte!<\/p>\n<p>Noch in der gleichen Baronie, auf dem Gest\u00fct derer von Rahjaweiden, sah Sieghelm das Schwert zum ersten Mal. Es wurde nach einem Turnier von fremder Hand mehr schlecht als recht gef\u00fchrt. Obwohl er ahnte, das dieses Schwert f\u00fcr ihn bestimmt war, schwieg er jedoch voller Demut vor der Leuin und widmete sich anderen schwerwiegenden Aufgaben, die ihn rasch ablenkten.<\/p>\n<p>Einen ganzen G\u00f6tterlauf sp\u00e4ter erhielt Sieghelm die Chance sich zu beweisen! Bibernell von Hengisford, die Meisterin der Senne S\u00fcden, die Vertreterin des Schwertes der Schwerter in Aventuriens S\u00fcden und Tr\u00e4ger des legend\u00e4ren Doppelkhunchomers Rishal, ordnete der Donnernden gehorchend ein au\u00dferplanm\u00e4\u00dfiges Turnier auf den Dreisturmfeldern vor Baburin an, um den W\u00fcrdigen zu finden. Angelockt von diesem rondrianischen Spektakel lie\u00df Sieghelm es sich nicht nehmen an dem Turnier teilzunehmen. Einen ganzen Mond dauerten die K\u00e4mpfe an, bei denen der Junker nach stehts harten Gefechten als Sieger vom Platz geht und schlie\u00dflich das Turnier \u00fcberragend gewann! Einzig dem aktuellen Baburiner Champion, Praiodan Lonnert, hatte er im Zusatzkampf um den Titel noch nichts entgegenzusetzen. Dennoch ist die Meisterin der Senne S\u00fcden auf den jungen Mann aufmerksam geworden und lud ihn und seine Gef\u00e4hrten in den Dreitempel der Rondra ein. Dort \u00fcberreichte ihm Bibernell in einer prachtvollen Ehrfurcht gebietenden Szeremonie den Donnernden W\u00e4chter der Ehre. Nach seinem Ergreifen erstrahlte der, nur von Kohleschalen erhellte, Tempel urpl\u00f6tzlich in glei\u00dfendem Silber. Und sogleich wurde Sieghelm eine zus\u00e4tzliche Ehre zuteil: Noch ehe sich die Augen der Zeitzeugen von dem silbernen Blitz erholt hatten, griff die Meisterin pers\u00f6nlich den Tr\u00e4ger vom Donnernden W\u00e4chter der Ehre mit Rishal an, um zu pr\u00fcfen, ob er des Schwertes w\u00fcrdig war. M\u00e4chtige Donnergrollen begleiteten die kreuzenden Klingen und kundeten von Rondras Zustimmung. Nach diesem letzten bestandenen Test segnet Bibernell alle Gef\u00e4hrten und verspricht ihnen den Beistand der Rondrakirche bei ihrer gef\u00e4hrlichen Mission und w\u00fcnscht ihnen vor allem viel Erfolg im Namen Aventuriens!<\/p>\n<h4><span style=\"color: #ff0000;\">&#8230; Buch aus dem Haar<span style=\"color: #ff0000;\"> der H<\/span><span style=\"color: #ff0000;\">esinde<\/span><br \/>\n<\/span><\/h4>\n<p><strong>Im Besitz von Fr\u00e4ulein Jane Pedderson<\/strong><\/p>\n<p><strong>Der Tr\u00e4ger des Buches bekommt einen KL Bonus +1<\/strong><\/p>\n<p><strong>Das Buch aus dem Haar der Hesinde gilt als permanent geweiht.<\/strong><\/p>\n<p>Andere, die nicht von den Zw\u00f6lfen erw\u00e4hlt wurden, verm\u00f6gen es nicht zu \u00f6ffnen.<\/p>\n<p><strong>Die Geschichte der Erw\u00e4hlung<\/strong><\/p>\n<p>Die wissbegierige Privatlehrerin Jane Pedderson machte sich vom Bornland aus, auf dem Weg die Welt zu erkunden und Wissen anzuh\u00e4ufen. Nachdem sie viele Abenteuer erlebt hat, u. a. die Durchwanderung der Khom und die Erklimmung einiger Bergmassive im Ehernen Schwert, ist sie am 26. Boron 1026 n. BF in Zorgan mit ihrer derzeitigen Reisegruppe in einen Disput verwickelt, der zu eskalieren droht. Gemeinsam und doch getrennt entschwinden sie f\u00fcr einen kurzen Augenblick aus Dere und sehen sich in einem nebelumwaberten Steinkreis einer schwarzen Gestalt gegen\u00fcber, die Unverst\u00e4ndliches zu ihnen spricht und drohend die Hand nach ihnen ausstreckt. Ehe sie sich versahen, tr\u00e4gt nun auch Jane Pedderson ein Amulett, das sie als Auserw\u00e4hlte Hesindes kennzeichnet. Durch diese g\u00f6ttliche F\u00fcgung vereint, wird der Disput mit den anderen Erw\u00e4hlten eingestellt und die Gruppe geeint.<\/p>\n<p>Bereits\u00a0 am 30. Tsa des gleichen Jahres schickt es sich an, dass einige der Erw\u00e4hlten sich unter dem Roten Riesen, Trollzacken, Darpatien, befinden und vor unm\u00f6glichen Problemen stehen: Eine Horde Rattend\u00e4monoide h\u00e4lt mehrere hundert menschliche Sklaven gefangen zum Abbau von Blutmarmor\/Teufelseisen. In einer angrenzenden 3500 Jahre alten Zwergenfeste finden sie ein Heiligtum der Hesinde. Erst nach Beantwortung von f\u00fcnf wissenschaftlichen Fragen, wird ihr der Zugang gew\u00e4hrt. Drinnen findet sie auf einem steinernen Altar ein Buch aus dem Haar der Hesinde. Ehrf\u00fcrchtig nimmt sie es an sich und dankt ihrer G\u00f6ttin f\u00fcr diese Ehre.<\/p>\n<p>Das Buch sollte auch sogleich zum Einsatz kommen: Mit Hilfe der F\u00e4higkeit der Realit\u00e4tsver\u00e4nderung durch argumentiertes Formulieren und des k\u00e4mpfenden Lichtkriegers gelingt es den Helden das Gebiet von den D\u00e4monen zu befreien. In einer glohreichen, siegreichen verlustreichen &#8211; in den Legenden wohlbekannt als &#8211; Schlacht unter dem Berge.<\/p>\n<p>Nun strebt die Auserw\u00e4hlte der Allwissenden noch h\u00f6herem Wissen nach, zum Wohle Deres.<\/p>\n<h4><span style=\"color: #ff0000;\"><span style=\"color: #3366ff;\">&#8230; Axt\/Efferdbart des St\u00fcrmischen<\/span><\/span><\/h4>\n<p><strong>Im Besitz von M\u00e6dnir \u201cder B\u00e4r\u201d Hasgarsson<br \/>\n<\/strong><\/p>\n<p><strong>Der Tr\u00e4ger des Buches bekommt einen &#8230; Bonus +1<\/strong><\/p>\n<p><strong>Die Axt\/der Efferdbart des St\u00fcrmischen gilt als permanent geweiht.<\/strong><\/p>\n<p>Andere, die nicht von den Zw\u00f6lfen erw\u00e4hlt wurden, verm\u00f6gen es nicht &#8230;<\/p>\n<p><strong>Die Geschichte der Erw\u00e4hlung<\/strong><\/p>\n<p><span style=\"color: #000000;\">M\u00e6dnir,\u00a0Thane von Vidsand und ehem. Jarl von Skjellsgrond, &#8230;\u00a0<\/span><\/p>\n<p>zuvor streng swafnir-gl\u00e4ubig &#8230; nun konvertiert<\/p>\n<p>Je nach Situation k\u00e4mpft M\u00e6dnir mit einer Einh\u00e4ndigen Axt oder mit einem gezackten Efferdbart auf Efferds Wogen.<\/p>\n","protected":false},"excerpt":{"rendered":"<p>Einleitung der G\u00f6ttermission Von den Zw\u00f6lfen auserw\u00e4hlt, vom Chaos verfolgt. Das sind sie, die Helden auf der g\u00f6ttlichen Mission Aventurien zu retten. Alles fing damit an, dass einige Personen Amulette erhielten, welches die Auserw\u00e4hlung der 12 G\u00f6tter beweist. Sp\u00e4ter, wenn sich der Tr\u00e4ger des Amulettes als w\u00fcrdig erweist, erh\u00e4lt er von seiner erw\u00e4hlten Gottheit einen [&hellip;]<\/p>\n","protected":false},"author":3,"featured_media":0,"parent":1220,"menu_order":2,"comment_status":"open","ping_status":"closed","template":"","meta":{"footnotes":""},"class_list":["post-1129","page","type-page","status-publish","hentry"],"_links":{"self":[{"href":"https:\/\/teehausgeschichten.de\/index.php?rest_route=\/wp\/v2\/pages\/1129","targetHints":{"allow":["GET"]}}],"collection":[{"href":"https:\/\/teehausgeschichten.de\/index.php?rest_route=\/wp\/v2\/pages"}],"about":[{"href":"https:\/\/teehausgeschichten.de\/index.php?rest_route=\/wp\/v2\/types\/page"}],"author":[{"embeddable":true,"href":"https:\/\/teehausgeschichten.de\/index.php?rest_route=\/wp\/v2\/users\/3"}],"replies":[{"embeddable":true,"href":"https:\/\/teehausgeschichten.de\/index.php?rest_route=%2Fwp%2Fv2%2Fcomments&post=1129"}],"version-history":[{"count":78,"href":"https:\/\/teehausgeschichten.de\/index.php?rest_route=\/wp\/v2\/pages\/1129\/revisions"}],"predecessor-version":[{"id":8219,"href":"https:\/\/teehausgeschichten.de\/index.php?rest_route=\/wp\/v2\/pages\/1129\/revisions\/8219"}],"up":[{"embeddable":true,"href":"https:\/\/teehausgeschichten.de\/index.php?rest_route=\/wp\/v2\/pages\/1220"}],"wp:attachment":[{"href":"https:\/\/teehausgeschichten.de\/index.php?rest_route=%2Fwp%2Fv2%2Fmedia&parent=1129"}],"curies":[{"name":"wp","href":"https:\/\/api.w.org\/{rel}","templated":true}]}}