{"id":1119,"date":"2012-04-06T13:34:32","date_gmt":"2012-04-06T11:34:32","guid":{"rendered":"http:\/\/teehausgeschichten.de\/?page_id=1119"},"modified":"2013-04-09T18:46:19","modified_gmt":"2013-04-09T16:46:19","slug":"artefakte-und-anderspharische-kleinodien","status":"publish","type":"page","link":"https:\/\/teehausgeschichten.de\/?page_id=1119","title":{"rendered":"Zauberwerke &#038; Andersph\u00e4risches"},"content":{"rendered":"<p style=\"text-align: center;\"><a href=\"https:\/\/teehausgeschichten.de\/wp-content\/uploads\/2012\/04\/Zauberwerke.png\"><img loading=\"lazy\" decoding=\"async\" class=\" wp-image-3685 aligncenter\" alt=\"Zauberwerke\" src=\"https:\/\/teehausgeschichten.de\/wp-content\/uploads\/2012\/04\/Zauberwerke.png\" width=\"604\" height=\"48\" srcset=\"https:\/\/teehausgeschichten.de\/wp-content\/uploads\/2012\/04\/Zauberwerke.png 863w, https:\/\/teehausgeschichten.de\/wp-content\/uploads\/2012\/04\/Zauberwerke-300x23.png 300w\" sizes=\"auto, (max-width: 604px) 100vw, 604px\" \/><\/a><\/p>\n<p>&nbsp;<\/p>\n<p>Zur Hesindegef\u00e4lligen Sammlung seltener Artefakte und exotischer Waffen sei hier aufgerufen, von besonderem interesse seien jene Werke, welche von wackeren Helden im Streite wider das Unheil der Welt ihren Einsatz fanden, doch auch die Konstruktionen von leidenschaftlichen Bastlern sollen ihren Platz an diesem Orte finden.<\/p>\n<p>&nbsp;<\/p>\n<p>Zauberwerke oder Artefakte (Thaumatursome vom gelehrten gehie\u00dfen) sind in dieser Deutung, als ein mit arkanem wirken erf\u00fcllter Gegenstand, anzusehen, und nicht (unbedingt) als die \u00dcberreste einer untergegangenen Kultur.<\/p>\n<p>Andersph\u00e4risches dient als Sammelbegriff f\u00fcr allerlei Kleinodien, welche nicht von Dere stammt, sondern halt aus einer anderen Sph\u00e4re, als Beispiel mag der Speer Firuns dienen. Weiterhin ist es nicht unbedingt m\u00f6glich die wirkenden Kr\u00e4fte auf Zauberei zur\u00fcckzuf\u00fchren.<\/p>\n<p><em>Vor allem ersteres, also die Zauberwerke k\u00f6nnen auch von entsprechend bef\u00e4higten Charakteren erstellt werden und bei entsprechend komplexen Werken mag auch die ein oder andere Zeile aus dem Scriptorium hier angemessen sein (das Schwarze Auge von Khunchom sei nur erw\u00e4hnt), der Zweite Punkt wird sich wohl eher der Schaffenskraft der Charaktere entziehen (abgesehen von einem Ingerimmerw\u00e4hlten vielleicht?).<\/em><\/p>\n","protected":false},"excerpt":{"rendered":"<p>&nbsp; Zur Hesindegef\u00e4lligen Sammlung seltener Artefakte und exotischer Waffen sei hier aufgerufen, von besonderem interesse seien jene Werke, welche von wackeren Helden im Streite wider das Unheil der Welt ihren Einsatz fanden, doch auch die Konstruktionen von leidenschaftlichen Bastlern sollen ihren Platz an diesem Orte finden. &nbsp; Zauberwerke oder Artefakte (Thaumatursome vom gelehrten gehie\u00dfen) sind [&hellip;]<\/p>\n","protected":false},"author":3,"featured_media":0,"parent":0,"menu_order":4,"comment_status":"open","ping_status":"closed","template":"","meta":{"footnotes":""},"class_list":["post-1119","page","type-page","status-publish","hentry"],"_links":{"self":[{"href":"https:\/\/teehausgeschichten.de\/index.php?rest_route=\/wp\/v2\/pages\/1119","targetHints":{"allow":["GET"]}}],"collection":[{"href":"https:\/\/teehausgeschichten.de\/index.php?rest_route=\/wp\/v2\/pages"}],"about":[{"href":"https:\/\/teehausgeschichten.de\/index.php?rest_route=\/wp\/v2\/types\/page"}],"author":[{"embeddable":true,"href":"https:\/\/teehausgeschichten.de\/index.php?rest_route=\/wp\/v2\/users\/3"}],"replies":[{"embeddable":true,"href":"https:\/\/teehausgeschichten.de\/index.php?rest_route=%2Fwp%2Fv2%2Fcomments&post=1119"}],"version-history":[{"count":12,"href":"https:\/\/teehausgeschichten.de\/index.php?rest_route=\/wp\/v2\/pages\/1119\/revisions"}],"predecessor-version":[{"id":3687,"href":"https:\/\/teehausgeschichten.de\/index.php?rest_route=\/wp\/v2\/pages\/1119\/revisions\/3687"}],"wp:attachment":[{"href":"https:\/\/teehausgeschichten.de\/index.php?rest_route=%2Fwp%2Fv2%2Fmedia&parent=1119"}],"curies":[{"name":"wp","href":"https:\/\/api.w.org\/{rel}","templated":true}]}}